 the greatest common factor of k and 15?
15
Let y(v) = 8*v - 36. Let h be y(6). Let s = -48 + 34. Let n = 26 + s. Calculate the highest common divisor of n and h.
12
Let a(q) = 2*q + 42. Let f be a(-15). Calculate the greatest common factor of f and 6.
6
Let z(s) = 9*s + 29. Let n be z(19). Calculate the greatest common divisor of 25 and n.
25
Let c be (26/8)/((-3)/(-108)). What is the highest common divisor of 13 and c?
13
Let z(w) = 2*w - 13. Let l be z(9). Suppose -l*j = -62 - 268. Calculate the greatest common factor of j and 44.
22
Let i be (-69)/(-12) + 2/8. Suppose -5*q - 5 - 5 = 0. Let o = q + i. Calculate the highest common divisor of 16 and o.
4
Let s = -7 - -9. Let i(d) = -2*d + 9. Let g(n) = -n + 4. Let c(b) = 5*g(b) - 2*i(b). Let k be c(0). Calculate the highest common factor of k and s.
2
Let r be ((-2)/3)/(6/(-63)). Suppose 8*z - r*z = 160. Calculate the greatest common divisor of z and 20.
20
Suppose 5*l - 6 = 4. Let p(g) = 3*g**3 - 5*g**3 - l*g - 10*g**2 + 12 + g**3. Let i be p(-10). What is the highest common factor of i and 8?
8
Let h be 49 + (1 - 2 - -2). Let q be (375/9)/((-2)/(-6)). What is the highest common factor of h and q?
25
Let k = -8 + 9. Suppose 0*d + 2 = 2*d. Let x be (0 - -15) + k/d. What is the highest common factor of x and 128?
16
Suppose -4*q = -2*p - 10, -q - p - 1 = 2*p. Let n = -33 + 38. Suppose 2*d + 171 = n*l, 4*l + 4*d - 78 = q*l. Calculate the greatest common factor of l and 5.
5
Suppose 4*z + 4 = 3*o - 2*o, -z + 3*o - 1 = 0. Let k be 34*z*2/(-4). Calculate the highest common divisor of k and 51.
17
Let k be (-3)/(-1 + 0)*3. Let f(q) = -q**3 + 7*q**2 - q - 8. Let c be f(6). Let o = c - 16. Calculate the highest common factor of k and o.
3
Let o(w) = -w**3 - 3*w**2 + w + 3. Suppose -3*j = -2*j + 5. Let g be o(j). Calculate the highest common factor of g and 12.
12
Let h be (27/6 + 0)/(6/32). Suppose 11 = 2*c + 3. Suppose m + c = 7. What is the highest common divisor of m and h?
3
Let n be (3/3)/(-1)*-4. Let m(t) = t**3 - 4*t**2 - 5*t - 6. Let u be m(6). What is the highest common factor of n and u?
4
Let w be (-13)/2*(0 + -2). Let l(b) = 13*b**2 - b - 2. Let j be l(-2). Calculate the highest common divisor of j and w.
13
Let u(g) = g**2 - 9*g + 9. Let w be u(6). Let x be 133/9 - 2/w. What is the highest common divisor of x and 6?
3
Suppose -5*p + 15 = 0, -p + 416 = -0*b + b. What is the greatest common factor of 59 and b?
59
Let u(z) = 2*z - 3. Let k be u(3). Suppose k = -s + 5. Let j be 5/3*36/s. Calculate the greatest common factor of j and 15.
15
Let f(w) = w**3 + 6*w**2 + 4*w - 1. Let y be f(-3). Calculate the highest common divisor of 14 and y.
14
Let y(h) = -h + 9. Let l be y(0). Calculate the highest common factor of l and 9.
9
Let r = 2 + -2. Suppose r*y - y = -42. Calculate the greatest common factor of 28 and y.
14
Let m be 1 - (0 + -5 + 0). Suppose -m*f + 80 = -4*i - 3*f, 2*i + 40 = -4*f. Let v = i - -64. What is the highest common divisor of 66 and v?
22
Let s(g) = g**2 + 15*g + 16. Let n be s(-16). What is the highest common factor of 96 and n?
32
Let d be (2 - 10)*-1 + -1. Let f(m) = -d - 5*m**2 + 0*m**3 + m**3 - m**2 + 3*m. Let l be f(6). Calculate the greatest common divisor of 55 and l.
11
Suppose -p = 4*h + h - 54, -8 = -4*h. Let d = p + -18. Calculate the greatest common divisor of 65 and d.
13
Let k(c) = c**2 - 5*c + 7. Let i be k(6). Let o = -8 + i. Suppose 0*m - 350 = -o*m. What is the highest common divisor of 28 and m?
14
Suppose 2*o = -3*c - 0*o - 3, -2 = 2*c + 2*o. Let n be c*2*(-230)/20. Let w be 1284/14 - (-4)/14. Calculate the greatest common factor of n and w.
23
Let i = 52 - 26. What is the highest common divisor of 91 and i?
13
Let l = 128 + -95. Calculate the highest common factor of 22 and l.
11
Let m(d) = -d**2 + 1. Let v be m(1). Let c = v - -2. Suppose 0 = -2*z + 2*x + 6, z + 1 = 3*x - c. Calculate the greatest common factor of 6 and z.
6
Let a = -2 + 4. Let i(x) = 3*x**2 - 1 + 14*x**a + 0*x**2 + 2. Let q be i(-1). What is the highest common divisor of 54 and q?
18
Let s = 30 - 23. Calculate the highest common divisor of s and 63.
7
Let z be -6*((-3)/(-2) + -3). Let w be 9/2*(-2 - -4). What is the highest common divisor of w and z?
9
Let a be ((-10)/8)/((-2)/8). Suppose -h - 55 = -a*w - 0*w, 2*h = w - 11. Calculate the highest common factor of w and 44.
11
Let m = -10 + 15. Let n = 8 - m. What is the highest common factor of 24 and n?
3
Let d = 3 - 4. Let u be (d/(-2))/(1/12). Let t(c) = c**2 - 5*c. Let w be t(6). Calculate the greatest common divisor of u and w.
6
Let h be 0/(0 - 4) - 10. Let j be (-1656)/(-60) + 6/h. Calculate the highest common factor of j and 18.
9
Let v = 24 + -12. Suppose 14*o - 90 = v*o. What is the highest common divisor of 9 and o?
9
Let v be ((-209)/44)/(1/(-4)). What is the greatest common factor of v and 76?
19
Let h = -346 + 500. Suppose 3*r + r - h = -2*u, 3*r + 5*u = 133. Let k(x) = -2*x + 4. Let d be k(-4). What is the highest common factor of r and d?
12
Suppose -45 = -f - 4*f. What is the greatest common divisor of f and 81?
9
Let r = 2 - 0. Suppose 0 = -5*k - 3*n + 233, 2*k + r*k + n - 185 = 0. What is the highest common factor of k and 23?
23
Suppose -4*y = -109 + 13. What is the greatest common factor of y and 36?
12
Suppose 3*n + 2 = 35. What is the highest common factor of 22 and n?
11
Let d = 30 - 29. Calculate the highest common factor of 11 and d.
1
Let r = -9 - -17. Let o = -173 + 253. Calculate the highest common factor of r and o.
8
Let q(x) = x**2 - 4*x - 6. Let l be q(6). Let m(y) = y**3 - 25*y**2 + 2*y - 2. Let i be m(25). What is the greatest common divisor of i and l?
6
Let b = -83 - -90. What is the highest common factor of 49 and b?
7
Suppose 3*i = i + d + 308, 0 = -3*d. Suppose 0 = -3*w + w + 120. Suppose 5*x = 10 + w. What is the highest common factor of i and x?
14
Suppose 0*o = -o + 23. Let c be (-11)/(-2*(-2)/(-172)). Suppose 0 = -4*u + c - 105. Calculate the greatest common divisor of o and u.
23
Suppose 0 = -7*k + 3*k - 3*b + 38, -5*k - 4*b = -48. Calculate the highest common divisor of 2 and k.
2
Let z = -12 + 26. Suppose z = k - 0*k. What is the greatest common divisor of 98 and k?
14
Let s(o) = o**3 - 11*o**2 + 12*o + 9. Let a be 1 - -2*(-9)/(-2). Let x be s(a). Suppose -8 = 3*y - x. Calculate the greatest common divisor of y and 49.
7
Let m be (-64)/(-24)*6/4. Let r(g) = 2*g + 6. Let d be r(m). What is the highest common factor of d and 42?
14
Let i = -24 + 35. What is the greatest common divisor of 121 and i?
11
Suppose -i + 45 = -5*a + 3*a, 0 = 4*i + 2*a - 150. Calculate the greatest common divisor of 26 and i.
13
Let o(k) = 2*k**2 + 16*k - 48. Let r be o(-11). What is the greatest common factor of r and 54?
18
Let z be (28/(-6))/(14/42). Let k be (20/z)/((-8)/56). Suppose -m - m + 94 = 2*f, 4*m = -2*f + 194. What is the highest common divisor of m and k?
10
Let v = -18 - -32. Let n = 715 - 401. Let a = n - 216. Calculate the greatest common factor of a and v.
14
Suppose -22*j + 722 = -3*j. Calculate the highest common factor of j and 57.
19
Let o(r) = -r**3 + 5*r**2 - 4*r + 12. Let h be o(4). Calculate the highest common divisor of h and 84.
12
Let g(c) = -c**2 + 9*c + 12. Let j be g(10). Suppose -3*s + 3*l + 10 = s, 3*s = j*l + 7. What is the highest common divisor of 1 and s?
1
Let a = -24 + 29. Calculate the highest common factor of a and 20.
5
Suppose 0*l = 3*l - 48. Let r be 1 - -144 - (2 + -1). What is the highest common divisor of r and l?
16
Let g = 0 - -4. Suppose 3*m = -2*c + 36, 5*c - g*m - 68 - 45 = 0. Let w(f) = -11*f + 3. Let o be w(-1). What is the highest common divisor of c and o?
7
Suppose -66 = -2*i - 3*a, i + 2*a - 23 - 10 = 0. Calculate the greatest common divisor of i and 66.
33
Let r(o) = o. Let a be r(3). Suppose 5*j = -3*x + 10, 0*j + a*j = x - 22. Calculate the highest common divisor of x and 2.
2
Let k be 1 + (-1602)/(-42) + (-2)/14. Calculate the greatest common divisor of 65 and k.
13
Let g = 2 + 0. Suppose -1340 = -5*a - g*u, -a + u = 3*a - 1085. Suppose -y = 2*y - a. Calculate the greatest common factor of 10 and y.
10
Let i be 78 + (-2 + 1)*-2. Suppose 121 = v - 7. Suppose -2*y = 2*y - v. What is the greatest common divisor of y and i?
16
Let z = -12 - -11. Let b